42826 a multiple of 14?
False
Does 825 divide 5936700?
True
Is 155122586 a multiple of 17?
True
Is 128 a factor of 180699264?
True
Is 1971944 a multiple of 104?
True
Does 59 divide 325026605?
False
Is 315 a factor of 6702517?
False
Is 53 a factor of 98150988?
False
Does 9 divide 871603605?
True
Is 36 a factor of 617904?
True
Is 5144 a factor of 297916148?
False
Does 511 divide 19730690?
False
Is 30 a factor of 56927454?
False
Does 23 divide 288365337?
False
Is 419335334 a multiple of 241?
False
Does 95 divide 1756415385?
True
Does 457 divide 418379387?
True
Does 5 divide 29910967?
False
Is 1574 a factor of 1025512942?
True
Does 21 divide 117036486?
True
Is 6844281 a multiple of 11?
False
Does 311 divide 10588518?
False
Is 64797585 a multiple of 2161?
True
Is 2136994608 a multiple of 71?
False
Is 10 a factor of 106205590?
True
Is 213 a factor of 2163160168?
False
Is 135 a factor of 1221837373?
False
Is 129671340 a multiple of 30?
True
Is 1681 a factor of 848358675?
True
Is 109994597 a multiple of 21?
False
Does 714 divide 41389356?
False
Does 2 divide 5140590?
True
Is 210 a factor of 1584450?
True
Is 238557276 a multiple of 3543?
True
Is 17585635 a multiple of 42?
False
Is 1157772507 a multiple of 36?
False
Does 50 divide 430600250?
True
Is 39972175 a multiple of 253?
False
Is 34292820 a multiple of 537?
True
Does 235 divide 15016805?
False
Does 14 divide 20697488?
True
Is 631345380 a multiple of 155?
True
Is 6469843 a multiple of 4?
False
Is 680752605 a multiple of 51?
False
Is 13 a factor of 234118001?
True
Is 14 a factor of 27788740?
True
Is 1802211 a multiple of 23?
True
Does 1354 divide 412076360?
True
Is 607 a factor of 3996860?
False
Is 397572300 a multiple of 27?
True
Does 118 divide 292374213?
False
Is 5746293 a multiple of 63?
True
Does 31 divide 8135826?
True
Is 159239619 a multiple of 77?
True
Is 551 a factor of 3344083?
False
Does 766 divide 51441755?
False
Is 18442675 a multiple of 775?
True
Is 1070 a factor of 18106407?
False
Does 42 divide 285866658?
True
Is 57409665 a multiple of 1263?
True
Does 47 divide 4371846?
True
Does 85 divide 1674330?
True
Is 4309992155 a multiple of 1085?
True
Does 1116 divide 49523830?
False
Is 10310976 a multiple of 16?
True
Is 41 a factor of 844367102?
False
Is 282416604 a multiple of 12?
True
Is 47876322 a multiple of 140?
False
Is 56 a factor of 360372407?
False
Does 165 divide 95559585?
True
Is 31 a factor of 219075481?
True
Does 2 divide 50801855?
False
Does 1856 divide 220164288?
True
Is 276147799 a multiple of 1276?
False
Is 68 a factor of 602115860?
True
Is 2656692 even?
True
Is 5 a factor of 910835?
True
Does 491 divide 1814245?
True
Does 457 divide 110680373?
True
Does 227 divide 144370487?
False
Is 64157660 a multiple of 17?
True
Is 103807725 a multiple of 1225?
True
Is 54 a factor of 160136714?
False
Is 1754395682 a multiple of 309?
False
Is 139147600 a multiple of 100?
True
Is 588618316 a multiple of 67?
True
Does 3935 divide 556540547?
False
Does 33 divide 740071146?
False
Is 14 a factor of 18663857?
False
Is 242157959 a multiple of 613?
False
Is 184 a factor of 1998774?
False
Is 55 a factor of 728294581?
False
Is 5075765 a multiple of 9?
False
Is 54 a factor of 321652188?
True
Does 409 divide 1231002315?
False
Is 71181103 a multiple of 7?
True
Is 850301623 a multiple of 5735?
False
Is 3161546666 a multiple of 8?
False
Is 3779913658 a multiple of 13?
False
Does 409 divide 95049146?
True
Does 23 divide 416216757?
False
Is 57 a factor of 440155959?
False
Is 45499982 a multiple of 1529?
True
Is 12 a factor of 1841721072?
True
Does 47 divide 755954088?
False
Is 4 a factor of 8926462?
False
Is 1192962891 a multiple of 82?
False
Does 457 divide 1234140839?
True
Does 4 divide 266480360?
True
Is 463155372 a multiple of 36?
True
Is 361 a factor of 347269004?
True
Is 185459265 a multiple of 9?
True
Does 225 divide 473155875?
True
Is 867604095 a multiple of 27?
True
Is 863 a factor of 135714517?
True
Is 1566133420 a multiple of 565?
False
Does 308 divide 1103998588?
True
Is 20 a factor of 12091785?
False
Does 20 divide 415807060?
True
Is 248 a factor of 54718489?
False
Is 31283200 a multiple of 1280?
True
Is 80631305 a multiple of 292?
False
Is 32 a factor of 1658067280?
False
Is 13 a factor of 104667076?
False
Does 43 divide 3065556?
True
Is 160104 a multiple of 4?
True
Is 59472362 a multiple of 218?
True
Is 102606464 a multiple of 584?
True
Does 947 divide 145449730?
True
Is 3326476968 a multiple of 11?
False
Does 1587 divide 141108105?
True
Is 99 a factor of 261256248?
True
Is 3313 a factor of 528873652?
False
Is 1069018881 a multiple of 21?
True
Is 2082633690 a multiple of 57?
False
Does 1735 divide 696525768?
False
Is 32431425 a multiple of 87?
True
Is 8766862 a multiple of 62?
True
Is 5520779652 a multiple of 12?
True
Does 10 divide 27601484?
False
Is 100087056 a multiple of 3056?
True
Is 1685 a factor of 297589696?
False
Does 3 divide 17477179?
False
Is 215434841 a multiple of 365?
False
Is 4 a factor of 5376336?
True
Is 3628 a factor of 223720798?
False
Is 11523672 a multiple of 8?
True
Is 181 a factor of 19053517?
False
Is 64971789 a multiple of 63?
False
Is 26 a factor of 633568286?
True
Does 201 divide 232834581?
True
Is 3 a factor of 15981759?
True
Does 1149 divide 2763770?
False
Does 695 divide 210091107?
False
Is 1939 a factor of 48672999?
False
Does 11 divide 774649462?
False
Is 204 a factor of 289853400?
True
Is 368633675 a multiple of 59?
False
Is 2000 a factor of 329767756?
False
Is 31201110 a multiple of 1385?
False
Is 5 a factor of 3844960?
True
Does 568 divide 2038848351?
False
Does 321 divide 42673740?
True
Does 213 divide 1409304915?
True
Is 5 a factor of 20994713?
False
Is 55796491 a multiple of 3537?
False
Is 55344840 a multiple of 1980?
False
Is 5914639 a multiple of 8?
False
Is 445282173 a multiple of 32?
False
Does 43 divide 5559795?
False
Does 13 divide 30708795?
True
Does 4 divide 195411986?
False
Is 96783116 a multiple of 31?
True
Is 96 a factor of 72679200?
True
Is 325 a factor of 69673458?
False
Does 54 divide 528899058?
True
Does 15 divide 208470?
True
Is 39250948 even?
True
Is 177 a factor of 1791453573?
False
Does 299 divide 707801770?
True
Is 329069400 a multiple of 220?
True
Is 1234574598 a multiple of 314?
False
Is 803 a factor of 2380166679?
True
Is 45 a factor of 23006070?
True
Is 179 a factor of 769328472?
False
Is 346 a factor of 53753393?
False
Is 17 a factor of 212525262?
True
Is 4 a factor of 115769789?
False
Is 430063348 a multiple of 442?
True
Does 47 divide 33073069?
False
Is 173 a factor of 11421862?
False
Is 93659871 a multiple of 4057?
False
Is 112 a factor of 170928308?
False
Does 11 divide 2251832?
True
Is 9 a factor of 1539504614?
False
Is 14 a factor of 22141462?
True
Is 21177576 a multiple of 67?
False
Does 82 divide 2091843819?
False
Is 185 a factor of 99056400?
True
Does 88 divide 456707694?
False
Is 10769854 a multiple of 2?
True
Is 220218954 a multiple of 126?
False
Does 6 divide 652239270?
True
Is 31825713 a multiple of 35?
False
Is 122223055 a multiple of 28?
False
Is 2266528 even?
True
Does 44 divide 818540756?
True
Is 296 a factor of 14414854?
False
Is 730 a factor of 114934850?
True
Is 3151 a factor of 178097671?
True
Does 642 divide 407914602?
True
Does 22 divide 5091196?
True
Does 17 divide 12294815?
False
Is 190203748 a multiple of 14?
True
Is 3273 a factor of 43768150?
False
Is 27 a factor of 44374554?
True
Does 13811 divide 2475752820?
False
Is 561281154 a multiple of 11?
False
Is 1861102962 a multiple of 3885?
False
Is 6423 a factor of 351515706?
False
Does 42 divide 117505828?
False
Does 23 divide 97941267?
False
Is 1923 a factor of 187486731?
True
Is 294 a factor of 522569336?
False
Is 46 a factor of 31995806?
True
Does 1671 divide 1763448075?
True
Does 191 divide 52942346?
False
Is 37 a factor of 20927681?
True
Is 77766555 a multiple of 269?
True
Is 98999500 a multiple of 38?
True
Does 367 divide 143755368?
True
Does 11 divide 188456367?
True
Is 645 a factor of 341888700?
True
Does 33 divide 153958398?
True
Is 281396224 a multiple of 256?
True
Does 553 divide 2589280932?
True
Is 197781906 a multiple of 19?
True
Does 112 divide 210306432?
True
Is 58708021 even?
False
Is 25 a factor of 1538346376?
False
Does 815 divide 3